 + 6) - -452?
5, 7, 13
What are the prime factors of ((-10 - -14) + -3)*2578?
2, 1289
Let t = -9 + 11. Suppose t*g = -1436 - 352. List the prime factors of (-2)/8 - g/24.
37
Let m be -115 + (3 - 3) + -2. Let o = -67 - m. Suppose 0 = 2*b - 4*v - o, 0 = 6*b - b - 5*v - 100. List the prime factors of b.
3, 5
Suppose 3*v - 5*c = 29, -4*c + 1 = 4*v + 5. Suppose -4*w - 8*g = -4*g - 536, -v*g = -5*w + 686. Suppose -6*s = -w + 16. List the prime factors of s.
2, 5
Suppose 3*o - 20 = -2*o. Let j = 21 + -17. Suppose w = 5*p + 19, 1 = o*w + p + j*p. What are the prime factors of w?
2
Let l(q) = -2*q**2 - 7*q - 18. Let f be l(-5). Let x = f + 186. What are the prime factors of x?
3, 17
Let o(t) = 4*t**2 + 23*t + 55. List the prime factors of o(-17).
2, 5, 41
Let j(l) = -3*l + 7 + 2*l**2 - 3*l**3 - 2 + l + 4. List the prime factors of j(-4).
241
Let p(y) = y**2 + 15*y + 7. Let s be p(-14). Let i = s + 11. List the prime factors of 6/i*(-440)/(-33).
2, 5
Let s = 668 - -1408. What are the prime factors of s?
2, 3, 173
Let a = 26 + -11. Let u = 20 - a. Suppose y + 2*y - 8 = -s, 4*s = -u*y + 32. List the prime factors of s.
2
Let j(a) = a**3 + 7*a**2 - 10*a - 8. Let s be j(-8). Let l(r) = r**2 - 8*r + 3. Let p be l(s). Suppose p*w - 7 = 53. What are the prime factors of w?
2, 5
Suppose -n = 4*v - 66, -4*v - 2*n + 81 = v. List the prime factors of v.
17
What are the prime factors of 7 + 2*2732/8?
2, 3, 5, 23
Suppose -3*o + 4*r - 3*r = 4, -o + 7 = -2*r. List the prime factors of (0 + -33)/(0 + 1)*o.
3, 11
Suppose d + 0*d - g = 5, -d = g - 9. List the prime factors of (-2)/(-7) + 691/d.
3, 11
What are the prime factors of 7648/80*(-10)/(-4)?
239
Let q(x) be the third derivative of x**5/60 + x**4/4 + x**3/2 - 4*x**2. Let u be q(-10). Suppose 3*k = -2*j + u + 16, 4*k = j + 86. List the prime factors of k.
3, 7
Let v(z) = z**3 + 20*z**2 + 8*z - 6. List the prime factors of v(-13).
29, 37
Let p = -7 - -190. What are the prime factors of p?
3, 61
Let w(u) = -8*u - 6. Let d be w(-1). What are the prime factors of 87 - ((-3)/(9/(-6)))/d?
2, 43
What are the prime factors of 19/((-10 + 9)/(0 - 41))?
19, 41
List the prime factors of (-3 + 1797/12)*4 + 6.
593
Let y(z) = -2*z**3 - 7*z**2 - 4. Suppose -2*i = i + 15. What are the prime factors of y(i)?
71
Let q = 31 - 15. Suppose q*h - 29 = 15*h. List the prime factors of h.
29
Let o = -932 + 1612. What are the prime factors of o?
2, 5, 17
Let g(h) = h**3 + 6. Let m be g(0). Suppose 2*c = -5*t + 175, -153 = -4*t + m*c - 5*c. List the prime factors of t.
37
Suppose -4*o = 3*w - 461, -5*o + 576 = 4*w - 0*w. Let q = o - 64. What are the prime factors of q?
2, 13
Let b = 60 + 30. List the prime factors of (-2)/15*-6*b.
2, 3
Suppose 3*l - 3*g + 2 = -22, -31 = 5*l + 4*g. Let a = l - -4. List the prime factors of a*(-2 - -4)*-7.
2, 3, 7
Let s be (2 + -50)*(0 + 2). What are the prime factors of (-1 - 2/(-4))*s?
2, 3
Let x = 7 - 7. Let n = 2 - x. List the prime factors of n + (12 + 0 - -3).
17
Let a = 96 + -93. Suppose -y = 5, 45 = a*t - 4*y - 41. List the prime factors of t.
2, 11
Let z(y) = -y**3 + 3*y**2 + 4*y - 5. Let l be z(3). What are the prime factors of 16/56 + 656/l?
2, 47
Let b = -1561 + 1864. What are the prime factors of b?
3, 101
Let n = 5 - 4. Let s be 2 + n*(-15)/(-3). Let l = 28 - s. List the prime factors of l.
3, 7
Suppose -r + 5 = -5*n, 0 = -3*r - 2*n + 3 - 5. Let y(u) be the third derivative of -u**4/24 + 23*u**3/6 - u**2. List the prime factors of y(r).
23
Suppose 28*i + 0*i - 71680 = 0. List the prime factors of i.
2, 5
Let t(o) = -o**3 + 7*o**2 + 11*o - 12. Suppose 3*f + 65 = -4*u + 254, 2*u - 96 = -2*f. Let h be (-16)/5*u/(-18). List the prime factors of t(h).
2, 3
Suppose 1153 = 4*p - 6*s + 11*s, 3*s + 301 = p. List the prime factors of p.
2, 73
Let b(u) = -3*u - 3*u + 3*u + 6 + 2*u. Let y be b(0). Let m = y - -18. List the prime factors of m.
2, 3
Suppose -279 = g - 1418. Suppose 10*m + 129 - g = 0. List the prime factors of m.
101
Suppose -58*x = -73*x + 1035. List the prime factors of x.
3, 23
Suppose 15*h - 3525 = 37530. What are the prime factors of h?
7, 17, 23
Suppose 5*g - 2*u + 12 = -16, 0 = g + 3*u - 8. List the prime factors of ((-1074)/9)/(4*g/24).
179
Suppose 5*g - 62 = -12. Suppose g*j = 13*j - 186. List the prime factors of j.
2, 31
Let x be (-27)/10 - 192/640. Suppose -7 = -5*h - 2. What are the prime factors of -3 + (-95 - h)/x?
29
Let k(a) = 2*a**2 - 5. Suppose -3*z + 4*z = -9. Let o = 13 + z. List the prime factors of k(o).
3
Let f = 1 - 37. List the prime factors of 1/(-6) - 2274/f.
3, 7
What are the prime factors of 7072/10 - 9*1/45?
7, 101
What are the prime factors of (-9 - (-7432)/32)*(6 - 2)?
19, 47
Let j = -163 - -233. Suppose 0 = 40*s - 45*s + j. What are the prime factors of s?
2, 7
Suppose m - 3 - 2 = 0. Let l be (144/15)/((-14)/(-35)). Suppose m*k + 122 = 3*x + 3*k, -l = -x + 4*k. List the prime factors of x.
2, 11
Suppose -6*j = -13*j + 518. Suppose -742 + j = -4*i. List the prime factors of i.
167
Suppose g + 94 = 2*g + v, 0 = 5*g - 5*v - 490. Suppose 59 + g = 5*y. Suppose -4*c + y = -1. List the prime factors of c.
2
Let c(a) = 2*a - 3*a + 4 - 17*a - 6. Let v be c(-1). Let b = v + -14. What are the prime factors of b?
2
Suppose 2 + 18 = 5*v. What are the prime factors of v*(5/(-20))/(2/(-62))?
31
Let p(o) = -o + 180. Let w be p(0). Let q = -31 + 37. Suppose q*l - l - w = 0. What are the prime factors of l?
2, 3
List the prime factors of 6120/(30/3)*3/2.
2, 3, 17
Suppose r - 3071 = 5*l, 8*r + 4*l = 10*r - 6154. List the prime factors of r.
3, 13, 79
Let u(o) = -110*o - 225. List the prime factors of u(-9).
3, 5, 17
What are the prime factors of (-6)/((-126)/1393)*21?
7, 199
Suppose -3*b - 3 = x, x = -4*b + 5*x - 4. Let q(w) = -w - 3. Let r be q(-6). List the prime factors of (r - -32)*b/(-5).
7
Suppose 3*v - 1641 = -5*a, 6*a + 4*v = 10*a - 1300. List the prime factors of a.
3, 109
Suppose 2*t - 340 = -104. Let m = 199 - t. What are the prime factors of m?
3
Let i = 9 - 14. What are the prime factors of -2*i/(-8)*-12?
3, 5
Let o = 94 + -81. List the prime factors of o.
13
Suppose -78 = -2*a - a. Let t be (-10)/(-25) - a/(-10). Suppose 3*f + 2*l = 5, t*f = -f + 4*l + 20. List the prime factors of f.
3
Let q(l) = -81*l**3 - 2*l**2 - 17*l - 14. List the prime factors of q(-4).
2, 19, 137
Suppose 17 = -10*p - 13. List the prime factors of (-1 - 26/(-14))/(p/(-189)).
2, 3
Let v(n) = -n**2 + 8*n + 9. Let s be v(9). Suppose s*i + 184 = 4*i. What are the prime factors of i?
2, 23
Suppose 8*w - 3488 = 6*w. What are the prime factors of w?
2, 109
Let b(h) = -6*h**3 + 3*h**2 + 3*h + 10. Let x(m) = 11*m**3 - 5*m**2 - 7*m - 20. Let c(i) = -7*b(i) - 4*x(i). What are the prime factors of c(-4)?
2, 47
Let f = 1161 - 797. List the prime factors of f.
2, 7, 13
Let f(l) be the second derivative of -4*l**3/3 - 5*l**2 - 7*l. Let c be f(7). Let w = c - -101. What are the prime factors of w?
5, 7
Let h = 79 + -23. Suppose 180 = -h*y + 60*y. What are the prime factors of y?
3, 5
Let n = 1 - 143. Let x = n - -275. List the prime factors of x.
7, 19
Let y = -1035 + 1754. What are the prime factors of y?
719
Let n = 3694 + -1885. List the prime factors of n.
3, 67
Let q be 4/1 + -1 + -1. Suppose 4*o = o - 4*j + 342, -114 = -o - 2*j. Suppose -4*v = -q*v - o. List the prime factors of v.
3, 19
Let p(s) = 7*s**3 + 8*s**2 + 4*s. Let c(z) = 6*z**3 + 9*z**2 + 3*z + 1. Let k(q) = 2*c(q) - 3*p(q). What are the prime factors of k(-3)?
11, 19
Suppose 3*m - 12 = 0, 3*a + a - 2*m = 16. Let h(y) = 15*y + 4. Let j be h(a). Suppose 5*w - c + 0*c = j, 3*w = 5*c + 52. List the prime factors of w.
19
Let l be 2/(-5) - 2064/15. Let g = l - -254. What are the prime factors of g?
2, 29
Suppose -285539 = -57*l - 39812. List the prime factors of l.
3, 479
Let c be (-1854)/(-8) - (-8)/32. List the prime factors of (-5 + 2)*c/(-6).
2, 29
Suppose 5*p - 31567 = -5*m - 6622, 5*m + 19920 = 4*p. What are the prime factors of p?
5, 997
Let b = -74 - 22. Let a = b - -162. What are the prime factors of a?
2, 3, 11
Let i be -3 - (-7)/(21/(-30)). Let g = 17 + i. What are the prime factors of (-128)/(-6)*6/g?
2
Let i be 3/((-1)/((-5)/1)). Suppose -4*d + 29 = -i. Suppose -3*y = -6, c + y = 5 + d. What are the prime factors of c?
2, 7
Let